
{"id":5031,"date":"2022-03-29T10:02:17","date_gmt":"2022-03-29T08:02:17","guid":{"rendered":"https:\/\/www.lindenauschule.de\/?page_id=5031"},"modified":"2025-03-17T11:28:57","modified_gmt":"2025-03-17T10:28:57","slug":"schuelervertretung","status":"publish","type":"page","link":"https:\/\/www.lindenauschule-hu.de\/?page_id=5031","title":{"rendered":"Sch\u00fclervertretung"},"content":{"rendered":"<p>Die Sch\u00fclervertretung ist das Bindeglied zwischen der Sch\u00fclerschaft und den Lehrkr\u00e4ften. Sie vertritt vorrangig die Interessen der Sch\u00fcler\/innen. Die SV ist also auf der einen Seite eine Anlaufstelle f\u00fcr Sch\u00fcler\/innen, wenn diese Fragen oder Probleme haben, auf der anderen Seite aber nat\u00fcrlich auch Ansprechpartner f\u00fcr Lehrer\/innen oder die Schulleitung.<\/p>\n<p>Die SV der Lindenauschule macht aber wesentlich mehr. Durch Aktionen, wie dem Rosenverkauf, Nikolausaktion und vielem anderen gestaltet die SV aktiv das Schulleben mit. Durch die Mitarbeit in der SV k\u00f6nnen die Sch\u00fcler\/innen aktiv an der Gestaltung der Schule mitwirken. In der Regel setzt sich die SV aus den Klassensprechern\/innen sowie den Stufensprecher\/innen zusammen.<\/p>\n<p><strong>Der aktuelle SV-Vorstand setzt sich ausfolgenden Mitgliedern\/innen zusammen:<\/strong><\/p>\n<table style=\"border-collapse: collapse; width: 100%; height: 704px;\">\n<tbody>\n<tr style=\"height: 24px;\">\n<td style=\"width: 50.1451%; height: 24px;\">Schulsprecher\/in:<\/td>\n<td style=\"width: 49.8549%; height: 24px;\"><\/td>\n<\/tr>\n<tr style=\"height: 24px;\">\n<td style=\"width: 50.1451%; height: 24px;\">Stellvertreter\/in<\/td>\n<td style=\"width: 49.8549%; height: 24px;\"><\/td>\n<\/tr>\n<tr style=\"height: 24px;\">\n<td style=\"width: 50.1451%; height: 24px;\"><\/td>\n<td style=\"width: 49.8549%; height: 24px;\"><\/td>\n<\/tr>\n<tr style=\"height: 24px;\">\n<td style=\"width: 50.1451%; height: 24px;\">Oberstufensprecher\/in:<\/td>\n<td style=\"width: 49.8549%; height: 24px;\"><\/td>\n<\/tr>\n<tr style=\"height: 24px;\">\n<td style=\"width: 50.1451%; height: 24px;\">Stellvertreter\/in<\/td>\n<td style=\"width: 49.8549%; height: 24px;\"><\/td>\n<\/tr>\n<tr style=\"height: 24px;\">\n<td style=\"width: 50.1451%; height: 24px;\"><\/td>\n<td style=\"width: 49.8549%; height: 24px;\"><\/td>\n<\/tr>\n<tr style=\"height: 24px;\">\n<td style=\"width: 50.1451%; height: 24px;\">Mittelstufensprecher\/in:<\/td>\n<td style=\"width: 49.8549%; height: 24px;\"><\/td>\n<\/tr>\n<tr style=\"height: 24px;\">\n<td style=\"width: 50.1451%; height: 24px;\">Stellvertreter\/in<\/td>\n<td style=\"width: 49.8549%; height: 24px;\"><\/td>\n<\/tr>\n<tr style=\"height: 24px;\">\n<td style=\"width: 50.1451%; height: 24px;\"><\/td>\n<td style=\"width: 49.8549%; height: 24px;\"><\/td>\n<\/tr>\n<tr style=\"height: 24px;\">\n<td style=\"width: 50.1451%; height: 24px;\">Unterstufensprecher\/in:<\/td>\n<td style=\"width: 49.8549%; height: 24px;\"><\/td>\n<\/tr>\n<tr style=\"height: 24px;\">\n<td style=\"width: 50.1451%; height: 24px;\">Stellvertreter\/in<\/td>\n<td style=\"width: 49.8549%; height: 24px;\"><\/td>\n<\/tr>\n<tr style=\"height: 24px;\">\n<td style=\"width: 50.1451%; height: 24px;\"><\/td>\n<td style=\"width: 49.8549%; height: 24px;\"><\/td>\n<\/tr>\n<tr style=\"height: 104px;\">\n<td style=\"width: 50.1451%; height: 104px;\"><span class=\"ui-provider a b c d e f g h i j k l m n o p q r s t u v w x y z ab ac ae af ag ah ai aj ak\" dir=\"ltr\">Schulkonferenzdeligierte<\/span><\/td>\n<td style=\"width: 49.8549%; height: 104px;\"><\/td>\n<\/tr>\n<tr style=\"height: 16px;\">\n<td style=\"width: 50.1451%; height: 16px;\"><\/td>\n<td style=\"width: 49.8549%; height: 16px;\"><\/td>\n<\/tr>\n<tr style=\"height: 104px;\">\n<td style=\"width: 50.1451%; height: 104px;\"><span class=\"ui-provider a b c d e f g h i j k l m n o p q r s t u v w x y z ab ac ae af ag ah ai aj ak\" dir=\"ltr\">Stellvertretende Schulkonferenzdeligierte<\/span><\/td>\n<td style=\"width: 49.8549%; height: 104px;\"><\/td>\n<\/tr>\n<tr style=\"height: 24px;\">\n<td style=\"width: 50.1451%; height: 24px;\"><\/td>\n<td style=\"width: 49.8549%; height: 24px;\"><\/td>\n<\/tr>\n<tr style=\"height: 24px;\">\n<td style=\"width: 50.1451%; height: 24px;\">Vertreter\/in im Stadtsch\u00fclerrat:<\/td>\n<td style=\"width: 49.8549%; height: 24px;\"><\/td>\n<\/tr>\n<tr style=\"height: 48px;\">\n<td style=\"width: 50.1451%; height: 48px;\">Stellvertretende Vertreter\/in im Stadtsch\u00fclerrat:<\/td>\n<td style=\"width: 49.8549%; height: 48px;\"><\/td>\n<\/tr>\n<tr style=\"height: 48px;\">\n<td style=\"width: 50.1451%; height: 48px;\"><span class=\"ui-provider a b c d e f g h i j k l m n o p q r s t u v w x y z ab ac ae af ag ah ai aj ak\" dir=\"ltr\">Beisitzer<\/span><\/td>\n<td style=\"width: 49.8549%; height: 48px;\"><\/td>\n<\/tr>\n<tr style=\"height: 24px;\">\n<td style=\"width: 50.1451%; height: 24px;\"><span class=\"ui-provider a b c d e f g h i j k l m n o p q r s t u v w x y z ab ac ae af ag ah ai aj ak\" dir=\"ltr\">Schriftf\u00fchrerin<\/span><\/td>\n<td style=\"width: 49.8549%; height: 24px;\"><\/td>\n<\/tr>\n<tr style=\"height: 24px;\">\n<td style=\"width: 50.1451%; height: 24px;\"><span class=\"ui-provider a b c d e f g h i j k l m n o p q r s t u v w x y z ab ac ae af ag ah ai aj ak\" dir=\"ltr\">Kassierer<\/span><span class=\"ui-provider a b c d e f g h i j k l m n o p q r s t u v w x y z ab ac ae af ag ah ai aj ak\" dir=\"ltr\"><br \/>\n<\/span><\/td>\n<td style=\"width: 49.8549%; height: 24px;\"><\/td>\n<\/tr>\n<\/tbody>\n<\/table>\n<p>&nbsp;<\/p>\n<p>SV auf Instagram: <a href=\"https:\/\/www.instagram.com\/sv.lindenauschule\/?igshid=YTQwZjQ0NmI0OA\">https:\/\/www.instagram.com\/sv.lindenauschule\/?igshid=YTQwZjQ0NmI0OA<\/a><\/p>\n<div>E-Mail Adresse : <a href=\"mailto:svlindenauschule@gmail.com\"><span class=\"ui-provider a b c d e f g h i j k l m n o p q r s t u v w x y z ab ac ae af ag ah ai aj ak\" dir=\"ltr\">svlindenauschule@gmail.com<\/span><\/a><\/div>\n<div><\/div>\n<p>&nbsp;<\/p>\n<p>&nbsp;<\/p>\n<p>&nbsp;<\/p>\n<p>&nbsp;<\/p>\n<p>&nbsp;<\/p>\n","protected":false},"excerpt":{"rendered":"<p>Die Sch\u00fclervertretung ist das Bindeglied zwischen der Sch\u00fclerschaft und den Lehrkr\u00e4ften. Sie vertritt vorrangig die Interessen der Sch\u00fcler\/innen. Die SV ist also auf der einen Seite eine Anlaufstelle f\u00fcr Sch\u00fcler\/innen, wenn diese Fragen oder Probleme haben, auf der anderen Seite<\/p>\n","protected":false},"author":2,"featured_media":0,"parent":0,"menu_order":0,"comment_status":"closed","ping_status":"closed","template":"","meta":{"footnotes":""},"class_list":["post-5031","page","type-page","status-publish","hentry"],"_links":{"self":[{"href":"https:\/\/www.lindenauschule-hu.de\/index.php?rest_route=\/wp\/v2\/pages\/5031","targetHints":{"allow":["GET"]}}],"collection":[{"href":"https:\/\/www.lindenauschule-hu.de\/index.php?rest_route=\/wp\/v2\/pages"}],"about":[{"href":"https:\/\/www.lindenauschule-hu.de\/index.php?rest_route=\/wp\/v2\/types\/page"}],"author":[{"embeddable":true,"href":"https:\/\/www.lindenauschule-hu.de\/index.php?rest_route=\/wp\/v2\/users\/2"}],"replies":[{"embeddable":true,"href":"https:\/\/www.lindenauschule-hu.de\/index.php?rest_route=%2Fwp%2Fv2%2Fcomments&post=5031"}],"version-history":[{"count":7,"href":"https:\/\/www.lindenauschule-hu.de\/index.php?rest_route=\/wp\/v2\/pages\/5031\/revisions"}],"predecessor-version":[{"id":7721,"href":"https:\/\/www.lindenauschule-hu.de\/index.php?rest_route=\/wp\/v2\/pages\/5031\/revisions\/7721"}],"wp:attachment":[{"href":"https:\/\/www.lindenauschule-hu.de\/index.php?rest_route=%2Fwp%2Fv2%2Fmedia&parent=5031"}],"curies":[{"name":"wp","href":"https:\/\/api.w.org\/{rel}","templated":true}]}}