
{"id":449,"date":"2017-08-07T14:05:21","date_gmt":"2017-08-07T12:05:21","guid":{"rendered":"http:\/\/www2.lindenauschule.de\/?page_id=449"},"modified":"2017-08-07T14:10:21","modified_gmt":"2017-08-07T12:10:21","slug":"schule-ohne-rassismus","status":"publish","type":"page","link":"https:\/\/www.lindenauschule-hu.de\/?page_id=449","title":{"rendered":"Schule ohne Rassismus"},"content":{"rendered":"<p>Was bedeutet eigentlich Rassismus?<\/p>\n<p>\u201eRassismus umfasst Ideologie und Praxisformen auf der Basis der Konstruktion von Menschengruppen als Abstammungs- und Herkunftsgemeinschaften, denen kollektive Merkmale zugeschrieben werden, die implizit oder explizit bewertet und als nicht oder nur schwer ver\u00e4nderbar interpretiert werden.\u201c<\/p>\n<p>(Johannes Zerger, Was ist Rassismus? G\u00f6ttingen 1997, S. 81)<\/p>\n<p>Vielen Dank Herr Zerger! Aber jetzt lassen Sie uns mal ran. Wir als Lindenauerinnen und Lindenauer besch\u00e4ftigen uns intensiv in unserer AG \u201eSchule ohne Rassismus\u201c (SOR) mit Rassismus und den damit verbundenen Aufgaben, die eine Schule mit diesem Titel erf\u00fcllen muss.<\/p>\n<p>Unsere Definition sieht wie folgt aus: Rassismus bedeutet die Ausgrenzung von Personen oder Personengruppen aufgrund ihres \u00e4u\u00dferen Erscheinungsbildes, ihrer Herkunft, ihre Religion, ihrer politischen Einstellung, ihrer Hautfarbe usw.<\/p>\n<p>Was ist denn eine Schule ohne Rassismus?<\/p>\n<p>Um eine \u201eSchule ohne Rassismus \/ Schule mit Courage\u201c zu werden, m\u00fcssen sich 70% der Sch\u00fcler, Lehrer, des Personals usw. einer Schule in einer Selbstverpflichtung gegen Rassismus aussprechen und das mit ihrer Unterschrift in einer Unterschriftenaktion demonstrieren. Wenn eine Schule die n\u00f6tigen 70% aller Stimmen erh\u00e4lt und einen Paten gefunden hat, bekommt sie von der \u201eAktion Courage\u201c in Berlin, einer bundesweit anerkannten Organisation gegen Rassismus, den Titel verliehen &#8222;Schule ohne Rassismus \/ Schule mit Courage&#8220;.<\/p>\n<p>Aber: es geht nicht nur darum, auf der Homepage und dem Papier eine Schule ohne Rassismus zu sein, sondern das auch mit \u00dcberzeugung in Wort und Tat umzusetzen. Heute mehr denn je\u2026<\/p>\n<p>Was tun wir als Schule ohne Rassismus?<\/p>\n<p>Hier einige Beispiele:<\/p>\n<ul>\n<li>Die AG unter der Leitung von Herrn Seifried setzt sich w\u00f6chentlich mit verschiedenen, auch aktuellen Themen auseinander.<\/li>\n<li>Wir nehmen regelm\u00e4\u00dfig an Gedenkveranstaltungen zum Thema \u201eHolocaust\u201c teil.<\/li>\n<li>Allj\u00e4hrlich gestalten wir unser Kulturfest, um das gemeinsame Zusammenleben in Respekt, Vielfalt und Toleranz zu f\u00f6rdern.<\/li>\n<li>Im vergangenen Jahr haben wir eine Strickaktion zum Thema \u201eLindenau ist bunt\u201c durchgef\u00fchrt, an der die gesamte Schulgemeinte beteiligt war. Verbunden war diese mehrw\u00f6chige Aktion auch mit einer Podiumsdiskussion zum gleichnamigen Thema f\u00fcr die Jahrgangsstufen 10 und 11 mit Experten aus dem Hanauer Raum.<\/li>\n<li>Wir wollen in Zukunft schon in den unteren Jahrg\u00e4ngen anfangen, mit den Sch\u00fclerinnen und Sch\u00fclern \u00fcber dieses wichtige Thema zu reden<\/li>\n<li>Ihr habt eigene Ideen\u2026sprecht einfach Herrn Seifried an.<\/li>\n<\/ul>\n<p>Wie wurde die Lindenauschule eine \u201eSchule ohne Rassismus\u201c (SOR)?<\/p>\n<p>Im Jahr 2005 besch\u00e4ftigten sich Sch\u00fcler und Sch\u00fclerinnen in einer Projektwoche mit dem Thema \u201eAus Geschichte lernen Sch\u00fcler gegen Rassismus\u201c. Arno Lustiger, ein \u00dcberlebender des Holocaust, teilte seine Erfahrungen in der Projektwoche mit den Sch\u00fclerinnen und Sch\u00fclern und weckte deren Interesse. Sie f\u00fchlten sich dadurch inspiriert, die AG \u201eSchule ohne Rassismus\u201c ins Leben zu rufen.<\/p>\n<p>Im Sommer 2006 haben die Sch\u00fcler und Sch\u00fclerinnen dann unter der Leitung von Frau Anke Kaloudis in der oben genannten Unterschriftenaktion 80% der Stimmen unserer Schule f\u00fcr das Projekt gesammelt. Als Paten konnten die damaligen FFH-Moderatoren Johannes Scherer und Cathrin Sawatzki (Fr\u00fchst\u00fccksradio) gewonnen werden, die dann auch in einem Festakt im Juni 2006 der Lindenauschule den Titel und das Schild \u00fcbergeben durften.<\/p>\n<p>Und \u00fcbrigens\u2026<\/p>\n<p>Was w\u00fcrdet Ihr tun, wenn an Eurer Schule, in der Nachbarschaft oder im Stadtteil Leute angep\u00f6belt werden, weil sie sich durch ihre Kleidung, Sprache oder Hautfarbe von anderen unterscheiden?<\/p>\n<p>Was w\u00fcrdet Ihr machen, wenn es nicht nur bei Anp\u00f6beleien bleibt, sondern diese Menschen weiter erniedrigt oder sogar k\u00f6rperlich angegriffen werden?<\/p>\n<p>Wir leben in einer Gesellschaft, die von unterschiedlichen Kulturkreisen gepr\u00e4gt ist. Tagt\u00e4glich sind Menschen rassistischer Diskriminierung ausgesetzt &#8211; vor allem in Alltagssituationen.<\/p>\n<p>Deshalb: Gib Rassismus keine Chance<\/p>\n<p>Campino, der S\u00e4nger der Toten Hosen, hat einmal gesagt, dass eine wirklich gro\u00dfe Gefahr f\u00fcr das Leben hier bei uns der st\u00e4ndig vor sich hinschwelende Rassismus im Alltag ist. Recht hat er damit. Manchmal begegnet uns Rassismus ganz klar und offensichtlich, wenn Menschen anderer Hautfarbe oder aus anderen L\u00e4ndern einfach schlecht behandelt oder angep\u00f6belt werden, z.B. in Gesch\u00e4ften oder in \u00f6ffentlichen Verkehrsmitteln. Manchmal merkt man dann aber gar nicht, wie langsam und schleichend sich solche Meinungen in den K\u00f6pfen festsetzen (auch im eigenen) und unterschwellig Vorurteile und Klischees \u00fcber &#8222;die Anderen&#8220; erzeugt werden, die dann irgendwann einmal zum Rassismus f\u00fchren.<\/p>\n<p>S. Seifried (Leiter der SOR-AG)<\/p>\n","protected":false},"excerpt":{"rendered":"<p>Was bedeutet eigentlich Rassismus? \u201eRassismus umfasst Ideologie und Praxisformen auf der Basis der Konstruktion von Menschengruppen als Abstammungs- und Herkunftsgemeinschaften, denen kollektive Merkmale zugeschrieben werden, die implizit oder explizit bewertet und als nicht oder nur schwer ver\u00e4nderbar interpretiert werden.\u201c (Johannes<\/p>\n","protected":false},"author":2,"featured_media":0,"parent":0,"menu_order":0,"comment_status":"closed","ping_status":"closed","template":"","meta":{"footnotes":""},"class_list":["post-449","page","type-page","status-publish","hentry"],"_links":{"self":[{"href":"https:\/\/www.lindenauschule-hu.de\/index.php?rest_route=\/wp\/v2\/pages\/449","targetHints":{"allow":["GET"]}}],"collection":[{"href":"https:\/\/www.lindenauschule-hu.de\/index.php?rest_route=\/wp\/v2\/pages"}],"about":[{"href":"https:\/\/www.lindenauschule-hu.de\/index.php?rest_route=\/wp\/v2\/types\/page"}],"author":[{"embeddable":true,"href":"https:\/\/www.lindenauschule-hu.de\/index.php?rest_route=\/wp\/v2\/users\/2"}],"replies":[{"embeddable":true,"href":"https:\/\/www.lindenauschule-hu.de\/index.php?rest_route=%2Fwp%2Fv2%2Fcomments&post=449"}],"version-history":[{"count":1,"href":"https:\/\/www.lindenauschule-hu.de\/index.php?rest_route=\/wp\/v2\/pages\/449\/revisions"}],"predecessor-version":[{"id":450,"href":"https:\/\/www.lindenauschule-hu.de\/index.php?rest_route=\/wp\/v2\/pages\/449\/revisions\/450"}],"wp:attachment":[{"href":"https:\/\/www.lindenauschule-hu.de\/index.php?rest_route=%2Fwp%2Fv2%2Fmedia&parent=449"}],"curies":[{"name":"wp","href":"https:\/\/api.w.org\/{rel}","templated":true}]}}