
{"id":384,"date":"2017-08-03T11:56:03","date_gmt":"2017-08-03T09:56:03","guid":{"rendered":"http:\/\/www2.lindenauschule.de\/?page_id=384"},"modified":"2025-08-30T12:08:05","modified_gmt":"2025-08-30T10:08:05","slug":"ankuendigungen","status":"publish","type":"page","link":"https:\/\/www.lindenauschule-hu.de\/","title":{"rendered":"Aktuelles"},"content":{"rendered":"<p>Liebe Eltern,<\/p>\n<p>ab dem Schuljahr 2025\/26 gelten in Hessen landesweit <strong>Smartphone-Schutzzonen<\/strong> an allen \u00f6ffentlichen Schulen.<\/p>\n<p>Die Lindenauschule erprobt im laufenden Halbjahr folgende Regelung:<\/p>\n<p>Ab sofort ist die private Verwendung mobiler Endger\u00e4te (Handys, Smartwatches, Tablets, etc) f\u00fcr Sch\u00fclerinnen und Sch\u00fcler im Schulgeb\u00e4ude und auf dem Schulgel\u00e4nde grunds\u00e4tzlich verboten. Dies gilt auch vor der 1. Stunde.<\/p>\n<p>Das Mitf\u00fchren im ausgeschalteten Zustand ist erlaubt.\u00a0Ausgeschalteter Zustand bedeutet nicht \u201estumm geschaltet\u201c oder \u201eFlugmodus\u201c. Das Handy muss heruntergefahren sein.<\/p>\n<p>Die Handys m\u00fcssen w\u00e4hrend des Unterrichts in der Schultasche sein und d\u00fcrfen nur in den Pausen in den Hosentaschen mitgef\u00fchrt werden. Grunds\u00e4tzlich sollen die Handys nicht sichtbar sein.<\/p>\n<p>Zul\u00e4ssig ist die Verwendung mobiler digitaler Endger\u00e4te zu unterrichtlichen Zwecken, wenn die Lehrkraft dies gestattet.<\/p>\n<p>Eine private Nutzung ist nur in begr\u00fcndeten Einzelf\u00e4llen zul\u00e4ssig, wenn eine Lehrkraft dies explizit erlaubt hat, zum Beispiel, wenn dies aus medizinischen Gr\u00fcnden erforderlich ist oder im Notfall.<\/p>\n<p>Bei unzul\u00e4ssiger Verwendung kann das private digitale Endger\u00e4t vor\u00fcbergehend, in der Regel bis zum Ende des Unterrichtstages des Sch\u00fclers bzw. der Sch\u00fclerin, einbehalten werden. Die R\u00fcckgabe erfolgt \u00fcber die Lehrkraft. So ist gew\u00e4hrleistet, dass beispielsweise digitale Bustickets f\u00fcr den Heimweg verwendet werden k\u00f6nnen.<\/p>\n<p>Die einziehende Lehrkraft informiert die Klassenleitung. Sollte das Fehlverhalten sich wiederholen, muss der Sch\u00fcler bzw. die Sch\u00fclerin an einer Medienbildungs-AG teilnehmen.<\/p>\n<p>Hanau, 22.08.2025<\/p>\n<p>Dr. Hermann\u00a0 Alig<\/p>\n<p>&nbsp;<\/p>\n<h2>Kommunikationskonzept<\/h2>\n<p>Zur Kommunikation stehen Eltern und Sch\u00fclerinnen und Sch\u00fcler drei Wege zur Verf\u00fcgung:<\/p>\n<ol>\n<li>E-Mail: Mit \u00fcber den Planer bekannt gegebenen E-Mail Adressen der Lehrer<\/li>\n<li>Teams: Kontaktaufnahme per Teams \u00fcber den Account der Sch\u00fclerin bzw. des Sch\u00fclers<\/li>\n<li>Telefon: Telefonische R\u00fcckrufbitte \u00fcber das Sekretariat unter 06181\/9514310<\/li>\n<\/ol>\n<p>Eine R\u00fcckmeldung erfolgt im Rahmen der angegebenen Sprechstunden.<\/p>\n<p>Den Sch\u00fclerinnen und Sch\u00fclern wird bei Kontaktaufnahme zeitnah (ggf. im Rahmen der Unterrichtszeiten) R\u00fcckmeldung gegeben.<\/p>\n<p>&nbsp;<\/p>\n<h2>Kooperationspartner der Lindenauschule<\/h2>\n\t\t<div class=\"wpsisac-slick-carousal-wrp wpsisac-clearfix \" data-conf=\"{&quot;slidestoshow&quot;:&quot;3&quot;,&quot;slidestoscroll&quot;:1,&quot;dots&quot;:&quot;true&quot;,&quot;arrows&quot;:&quot;false&quot;,&quot;autoplay&quot;:&quot;true&quot;,&quot;autoplay_interval&quot;:&quot;3000&quot;,&quot;speed&quot;:300,&quot;rtl&quot;:&quot;false&quot;,&quot;centermode&quot;:&quot;false&quot;,&quot;lazyload&quot;:&quot;&quot;,&quot;variablewidth&quot;:&quot;true&quot;,&quot;loop&quot;:&quot;true&quot;,&quot;hover_pause&quot;:&quot;true&quot;}\">\r\t\t\t<div id=\"wpsisac-slick-carousal-1\" class=\"wpsisac-slick-init wpsisac-slick-carousal design-1 wpsisac-image-fit simplecarousal\">\r\r\t\t\t\t<div class=\"wpsisac-image-slide\">\r\t\t\t<div class=\"wpsisac-image-slide-wrap\" style=\"\">\r\t\t\t<img decoding=\"async\"  src=\"https:\/\/www.lindenauschule-hu.de\/wp-content\/uploads\/2024\/05\/VNG-LogoKlein.jpg\" alt=\"Logo 11\" \/>\r\t\t<\/div>\r\t<\/div><div class=\"wpsisac-image-slide\">\r\t\t\t<a href=\"https:\/\/www.fbs-hanau.de\/fbshanau\/index.php\">\r\t\t\t<div class=\"wpsisac-image-slide-wrap\" style=\"\">\r\t\t\t\t<img decoding=\"async\"  src=\"https:\/\/www.lindenauschule-hu.de\/wp-content\/uploads\/2023\/07\/KFB-Logo_mittel.jpg\" alt=\"Logo 9\" \/>\r\t\t\t<\/div>\r\t\t<\/a>\r\t<\/div><div class=\"wpsisac-image-slide\">\r\t\t\t<a href=\"https:\/\/www.plastic-pirates.eu\/de\/results\/data\/5721\">\r\t\t\t<div class=\"wpsisac-image-slide-wrap\" style=\"\">\r\t\t\t\t<img decoding=\"async\"  src=\"https:\/\/www.lindenauschule-hu.de\/wp-content\/uploads\/2022\/05\/294B571B-B529-4A0E-8CFD-7C7937E57650.jpeg\" alt=\"Logo 10\" \/>\r\t\t\t<\/div>\r\t\t<\/a>\r\t<\/div><div class=\"wpsisac-image-slide\">\r\t\t\t<a href=\"http:\/\/www.umweltzentrum-hanau.de\">\r\t\t\t<div class=\"wpsisac-image-slide-wrap\" style=\"\">\r\t\t\t\t<img decoding=\"async\"  src=\"https:\/\/www.lindenauschule-hu.de\/wp-content\/uploads\/2020\/03\/Logo-UWZ160.png\" alt=\"Logo 8\" \/>\r\t\t\t<\/div>\r\t\t<\/a>\r\t<\/div><div class=\"wpsisac-image-slide\">\r\t\t\t<a href=\"https:\/\/www.hanau.de\/vielfalt-leben\/buergerengagement\/sauberkeitspaten\/index.html\">\r\t\t\t<div class=\"wpsisac-image-slide-wrap\" style=\"\">\r\t\t\t\t<img decoding=\"async\"  src=\"https:\/\/www.lindenauschule-hu.de\/wp-content\/uploads\/2020\/03\/Sauberkeitspaten.jpg\" alt=\"Logo 9\" \/>\r\t\t\t<\/div>\r\t\t<\/a>\r\t<\/div><div class=\"wpsisac-image-slide\">\r\t\t\t<a href=\"https:\/\/www.aktiv-in-auheim.de\/\">\r\t\t\t<div class=\"wpsisac-image-slide-wrap\" style=\"\">\r\t\t\t\t<img decoding=\"async\"  src=\"https:\/\/www.lindenauschule-hu.de\/wp-content\/uploads\/2020\/02\/AiA.png\" alt=\"Logo 7\" \/>\r\t\t\t<\/div>\r\t\t<\/a>\r\t<\/div><div class=\"wpsisac-image-slide\">\r\t\t\t<a href=\"https:\/\/www.vdk.de\/hessen-thueringen\">\r\t\t\t<div class=\"wpsisac-image-slide-wrap\" style=\"\">\r\t\t\t\t<img decoding=\"async\"  src=\"https:\/\/www.lindenauschule-hu.de\/wp-content\/uploads\/2020\/02\/LogoVdKHessen-Th\u00fcringenWeb160.png\" alt=\"Logo 6\" \/>\r\t\t\t<\/div>\r\t\t<\/a>\r\t<\/div><div class=\"wpsisac-image-slide\">\r\t\t\t<a href=\"https:\/\/jugendwerkstatt-hanau.de\/\">\r\t\t\t<div class=\"wpsisac-image-slide-wrap\" style=\"\">\r\t\t\t\t<img decoding=\"async\"  src=\"https:\/\/www.lindenauschule-hu.de\/wp-content\/uploads\/2020\/02\/JW_Logo_160.png\" alt=\"Logo 5\" \/>\r\t\t\t<\/div>\r\t\t<\/a>\r\t<\/div><div class=\"wpsisac-image-slide\">\r\t\t\t<a href=\"http:\/\/www.mls-hanau.de\/\">\r\t\t\t<div class=\"wpsisac-image-slide-wrap\" style=\"\">\r\t\t\t\t<img decoding=\"async\"  src=\"https:\/\/www.lindenauschule-hu.de\/wp-content\/uploads\/2020\/02\/VMLAHSH-Logo_cmyk.jpg\" alt=\"Logo 4\" \/>\r\t\t\t<\/div>\r\t\t<\/a>\r\t<\/div><div class=\"wpsisac-image-slide\">\r\t\t\t<a href=\"https:\/\/www.hanau.de\/vielfalt-leben\/familie-und-kinder\/hanau-im-alter\/index.html\">\r\t\t\t<div class=\"wpsisac-image-slide-wrap\" style=\"\">\r\t\t\t\t<img decoding=\"async\"  src=\"https:\/\/www.lindenauschule-hu.de\/wp-content\/uploads\/2020\/02\/Se-EA-Viel-Logo-2019-End-150-4c.jpg\" alt=\"Logo 3\" \/>\r\t\t\t<\/div>\r\t\t<\/a>\r\t<\/div><div class=\"wpsisac-image-slide\">\r\t\t\t<a href=\"https:\/\/www.wheelup.de\/\">\r\t\t\t<div class=\"wpsisac-image-slide-wrap\" style=\"\">\r\t\t\t\t<img decoding=\"async\"  src=\"https:\/\/www.lindenauschule-hu.de\/wp-content\/uploads\/2020\/02\/Webbanner_WHEELUP160.jpg\" alt=\"Logo 2\" \/>\r\t\t\t<\/div>\r\t\t<\/a>\r\t<\/div><div class=\"wpsisac-image-slide\">\r\t\t\t<a href=\"https:\/\/www.jugend-debattiert.de\/\">\r\t\t\t<div class=\"wpsisac-image-slide-wrap\" style=\"\">\r\t\t\t\t<img decoding=\"async\"  src=\"https:\/\/www.lindenauschule-hu.de\/wp-content\/uploads\/2020\/02\/patch_JD_2019_160.jpg\" alt=\"Logo 1\" \/>\r\t\t\t<\/div>\r\t\t<\/a>\r\t<\/div>\r\t\t\t<\/div>\r\t\t<\/div>\r\t\n<p>&nbsp;<\/p>\n","protected":false},"excerpt":{"rendered":"<p>Liebe Eltern, ab dem Schuljahr 2025\/26 gelten in Hessen landesweit Smartphone-Schutzzonen an allen \u00f6ffentlichen Schulen. Die Lindenauschule erprobt im laufenden Halbjahr folgende Regelung: Ab sofort ist die private Verwendung mobiler Endger\u00e4te (Handys, Smartwatches, Tablets, etc) f\u00fcr Sch\u00fclerinnen und Sch\u00fcler im<\/p>\n","protected":false},"author":2,"featured_media":0,"parent":0,"menu_order":0,"comment_status":"closed","ping_status":"closed","template":"","meta":{"footnotes":""},"class_list":["post-384","page","type-page","status-publish","hentry"],"_links":{"self":[{"href":"https:\/\/www.lindenauschule-hu.de\/index.php?rest_route=\/wp\/v2\/pages\/384","targetHints":{"allow":["GET"]}}],"collection":[{"href":"https:\/\/www.lindenauschule-hu.de\/index.php?rest_route=\/wp\/v2\/pages"}],"about":[{"href":"https:\/\/www.lindenauschule-hu.de\/index.php?rest_route=\/wp\/v2\/types\/page"}],"author":[{"embeddable":true,"href":"https:\/\/www.lindenauschule-hu.de\/index.php?rest_route=\/wp\/v2\/users\/2"}],"replies":[{"embeddable":true,"href":"https:\/\/www.lindenauschule-hu.de\/index.php?rest_route=%2Fwp%2Fv2%2Fcomments&post=384"}],"version-history":[{"count":798,"href":"https:\/\/www.lindenauschule-hu.de\/index.php?rest_route=\/wp\/v2\/pages\/384\/revisions"}],"predecessor-version":[{"id":7983,"href":"https:\/\/www.lindenauschule-hu.de\/index.php?rest_route=\/wp\/v2\/pages\/384\/revisions\/7983"}],"wp:attachment":[{"href":"https:\/\/www.lindenauschule-hu.de\/index.php?rest_route=%2Fwp%2Fv2%2Fmedia&parent=384"}],"curies":[{"name":"wp","href":"https:\/\/api.w.org\/{rel}","templated":true}]}}