
{"id":292,"date":"2017-07-28T12:36:30","date_gmt":"2017-07-28T12:36:30","guid":{"rendered":"http:\/\/www2.lindenauschule.de\/?page_id=292"},"modified":"2024-09-11T10:40:22","modified_gmt":"2024-09-11T08:40:22","slug":"ags","status":"publish","type":"page","link":"https:\/\/www.lindenauschule-hu.de\/?page_id=292","title":{"rendered":"\u00dcbersicht AG-Programm"},"content":{"rendered":"<div id=\"m_uiLayer\">\n<div id=\"m_toolbarLayer\">\n<div tabindex=\"-1\" role=\"button\" aria-label=\"Font size button. Touch only.\">\n<p>Hanau, den 10.09.2024<\/p>\n<p>Liebe Sch\u00fclerinnen, liebe Sch\u00fcler, liebe Eltern,<\/p>\n<p>als integrierte Gesamtschule mit Ganztagsangebot bieten wir neben der Hausaufgabenbetreuung auch ein breites AG-Angebot aus den Bereichen Sport, Musik, Handwerk, Kunst, Theater und Naturwissenschaften an. Unsere Sch\u00fclerinnen und Sch\u00fcler k\u00f6nnen so ihren Stundenplan je nach Interesse und Neigung erweitern. Die AGs bieten den Sch\u00fclerinnen und Sch\u00fclern einen Raum, um Neues zu lernen ganz ohne den \u00fcblichen Noten-Druck. Individuelle F\u00e4higkeiten k\u00f6nnen auf diese Weise viel besser gef\u00f6rdert werden. Begeisterung wecken, Kreativit\u00e4t f\u00f6rdern, Motorik schulen, Horizonte erweitern \u2013 das und vieles mehr sind die Ziele unseres AG-Angebots in der Ganztagsschule.<\/p>\n<p>Alle Angebote sind, bis auf wenige Ausnahmen, kostenfrei. Die Beschreibungen der Arbeitsgemeinschaften sowie Informationen zu Orten, Zeiten und Leitung entnehmen Sie\/entnehmt ihr diesem AG-Programm. Unser AG-Angebot wird sich im Laufe des Schuljahres erweitern, deshalb bitte die Aush\u00e4nge im AG-Schaukasten beachten.<\/p>\n<p>Wie meldet ihr euch an?<\/p>\n<p>Die Anmeldungen f\u00fcr die AGs findet ihr auf der letzten Seite. Den abgetrennten, ausgef\u00fcllten und unterschriebenen Wahlzettel gebt ihr bitte in der Ganztagsbetreuung (GTB) ab. Noch Fragen? Dann kommt vorbei.<\/p>\n<p>Nat\u00fcrlich k\u00f6nnt ihr 2 Wochen lang in eine AG hineinschnuppern. Wenn ihr euch dann entschieden habt, ist die Einwahl f\u00fcr ein Schuljahr verbindlich! Einige AGs finden schon statt, andere starten so schnell wie m\u00f6glich. Bei Kindern, die jeden Tag bis zur 9. Stunde die Ganztagsbetreuung besuchen, empfehlen wir die Teilnahme an zwei AGs in der Woche.<\/p>\n<p>Die R\u00e4ume und die Zeiten m\u00fcssen zum Teil individuell mit den Leiterinnen und Leitern der AGs ausgemacht werden bzw. werden in der Ganztragsbetreuung kommuniziert. Die voraussichtlichen Zeiten finden sich auch in diesem AG-Programm.<\/p>\n<p>Viel Spa\u00df mit unserem AG-Programm w\u00fcnschen<\/p>\n<p>F\u00f6rderverein und Ganztagsbetreuung<\/p>\n<p>&nbsp;<\/p>\n<\/div>\n<h3>Nachmittags-AGs ab Klasse 5<\/h3>\n<div tabindex=\"-1\" role=\"button\" aria-label=\"Font size button. Touch only.\">\n<p>1.Cajonbau und\u00a0 Spiel AGDie Caj\u00f3n (<a href=\"https:\/\/de.wikipedia.org\/wiki\/Spanische_Sprache\">spanisch<\/a> f\u00fcr \u201eSchublade\u201c oder \u201eKiste\u201c), auf Deutsch auch Kistentrommel genannt, ist ein aus Peru stammendes <a href=\"https:\/\/de.wikipedia.org\/wiki\/Perkussion_(Musik)\">perkussives<\/a> <a href=\"https:\/\/de.wikipedia.org\/wiki\/Musikinstrument\">Musikinstrument<\/a>. Es hat einen <a href=\"https:\/\/de.wikipedia.org\/wiki\/Gro%C3%9Fe_Trommel\">trommel\u00e4hnlichen<\/a> Klang und wird mit den H\u00e4nden gespielt. Wenn Du Lust hast Dir eine eigene Cajon zu bauen und auf ihr spielen zu lernen, ist dieser Kurs genau richtig.<\/p>\n<p>Das Material zum Bau einer hochwertigen und voll funktionsf\u00e4higen\u00a0 Caj\u00f3n wird von der Schule gestellt. F\u00fcr Dich entstehen also keine Kosten.<\/p>\n<p>Wenn Du Dich in den Kurs einzuw\u00e4hlen m\u00f6chtest, kannst Du dich in der Nachmittagsbetreuung in eine Liste eintragen oder mich (Herr Zahn) einfach ansprechen.<\/p>\n<p>Dienstag 9. Stunde (14:55-15:40 Uhr) und Mittwoch 9. Stunde (14:55-15:40 Uhr), Leitung: Herr Zahn, Raum: B6<\/p>\n<p>&nbsp;<\/p>\n<p>2. Fahrrad AG<\/p>\n<p>Wenn Du gerne Fahrrad f\u00e4hrst, ist dieser Kurs interessant f\u00fcr Dich. In der Fahrrad-AG unternehmen wir kleine Ausfl\u00fcge in die Umgegend der Lindenauschule, wir lernen, Fahrr\u00e4der zu reparieren und zu warten, \u00fcben richtiges Verhalten in verschiedenen Verkehrssituationen, absolvieren Trainigsfahrten f\u00fcr die Geschicklichkeit auf dem Schulhof und vieles mehr.<\/p>\n<p>Die Schule hat eine Reihe von Fahrr\u00e4dern, die in den AG-Stunden benutzt werden k\u00f6nnen.<\/p>\n<p>Wenn Du Dich in den Kurs einzuw\u00e4hlen m\u00f6chtest, kannst Du dich in der Nachmittagsbetreuung in eine Liste eintragen oder mich (Herr Zahn) einfach ansprechen.<\/p>\n<p>Montag 8. Stunde (14:05 Uhr \u2013 14:50 Uhr) und Freitag 9.Stunde (14:55 Uhr-15:40 Uhr) in Raum B6, Leitung: Herr Zahn<\/p>\n<p>&nbsp;<\/p>\n<p>3. Gitarrenwerkstatt AG<\/p>\n<p>Die Gitarrenwerkstatt der Lindenauschule \u00f6ffnet ihre T\u00fcren.<\/p>\n<p>Wenn Du Lust hast, Gitarre zu lernen und rockig, klassisch oder folkloristisch zu spielen, dann ist dieser Kurs genau richtig.<\/p>\n<p>Du kannst Dich als Anf\u00e4nger oder fortgeschrittener Spieler einw\u00e4hlen.<\/p>\n<p>Eine Einteilung der Spieler nach dem K\u00f6nnensstand erfolgt zu Beginn des Kurses.<\/p>\n<p>Du hast noch kein eigenes Instrument?<\/p>\n<p>L\u00f6sung 1)<\/p>\n<p>Der Kauf einer Konzertgitarre in einem der ortsans\u00e4ssigen Musikl\u00e4den.<\/p>\n<p>L\u00f6sung 2)<\/p>\n<p>Ein Angebot f\u00fcr einen Gitarren-Mietkauf ist in Vorbereitung, bei dem Dir ein Instrument zur Verf\u00fcgung gestellt wird (monatliche Kosten: ca. EURO 15,&#8211;), welches bei entsprechender Verbindlichkeitserkl\u00e4rung nach 10 Monaten dann Dir geh\u00f6rt. Genaue Informationen hierzu erh\u00e4ltst Du bei unserem ersten Treffen.<\/p>\n<p>Mittwoch 8.Stunde (14:05-14:50 Uhr) und Freitag 8. Stunde (14:05-14:50 Uhr), Leitung: Herr Zahn, Raum: D23<\/p>\n<p>&nbsp;<\/p>\n<p>4.\u00a0\u00a0 Holz AG<\/p>\n<p>5.\/6. Klasse<\/p>\n<p>In der Holz-AG k\u00f6nnt Ihr unter der Anleitung einer gelernten Tischlerin eure kleinen und gr\u00f6\u00dferen Ideen aus Holz realisieren. Dabei werdet Ihr auch die g\u00e4ngigen Arbeitstechniken (z.B. Anzeichnen, S\u00e4gen, Bohren, Schleifen) anwenden.<\/p>\n<p>Dienstag 8.+ 9. Stunde,\u00a0\u00a0Leitung: Frau Bramburger, Anmeldung in Ganztagesbetreuung (GTB)<\/p>\n<p>&nbsp;<\/p>\n<p>5.\u00a0\u00a0 Garten und Kreativ AG<\/p>\n<p>ab Klasse\u00a05 bis 8<\/p>\n<p>Wir pflegen die Hochbeete in unserer Gartenecke. Zusammen s\u00e4en, pflanzen und ernten wir Obst, Gem\u00fcse, Salat und Blumen.<\/p>\n<p>Wir verbringen die Zeit an der frischen Luft, also achte auf wetterfeste Kleidung.<\/p>\n<p>Im Winter, wenn im Garten nichts zu tun ist, werden wir basteln!<\/p>\n<p>Montag 8. Stunde (14:05-14:50 Uhr), Leitung: Frau Lang, Raum: Mensa<\/p>\n<p>&nbsp;<\/p>\n<p>6.\u00a0\u00a0 Lego AG<\/p>\n<p>5.\/6. Klasse<\/p>\n<p>Die Lego AG richtet sich an Sch\u00fclerinnen und Sch\u00fcler, die Spa\u00df am Bauen und Konstruieren haben. Dabei k\u00f6nnt ihr eurer Fantasie freien Lauf lassen und eigene Konstruktionen entwerfen.<\/p>\n<p>Montag 8. Std., Leitung: Herr Kallenberg, Raum: GTB<\/p>\n<p>&nbsp;<\/p>\n<p>7.\u00a0\u00a0 Schach AG<\/p>\n<p>ab Klasse\u00a05-8<\/p>\n<p>Die Schach-AG findet wieder statt. Das AG-Angebot richtet sich an alle interessierten Sch\u00fcler und Sch\u00fclerinnen von Klasse 5 bis 10. Dabei spielt es keine Rolle, ob man Schach-Anf\u00e4nger oder -Profi ist. Von den Grundlagen des Spiels bis zu Taktik-Aufgaben, die Schach-AG bietet f\u00fcr jeden etwas.<\/p>\n<p>Montag 9. Std., Leitung: Herr Kallenberg, Raum: GTB<\/p>\n<p>&nbsp;<\/p>\n<p>8.\u00a0\u00a0 Oriental Dance AG<\/p>\n<p>5.-13. Klasse<\/p>\n<p>Du wirst unterschiedliche Rhythmen aus dem orientalischen Tanz kennenlernen und herausfinden, wie du dich zu diesen Rhythmen bewegen kannst.<\/p>\n<p>Choreographien bekommst du teilweise beigebracht, es wird aber auch Situationen geben, in denen du deine eigenen Bewegungen entwickelst.<\/p>\n<p>Viele kennen den orientalischen Tanz auch unter dem Begriff \u201cBauchtanz\u201d.<\/p>\n<p>Inhalte der AG:<\/p>\n<p>\u2022\u00a0 Elemente und Bewegungstechniken aus unterschiedlichen orientalischen Tanzrichtungen (klassisch, Roma, Bollywood etc.)<\/p>\n<p>\u2022\u00a0 Elemente in den unterschiedlichen Ebenen (Boden-Luft)<\/p>\n<p>\u2022\u00a0 Improvisation<\/p>\n<p>\u2022\u00a0 Dehnen<\/p>\n<p>\u2022\u00a0 Erlernen und Gestalten von Choreographien<\/p>\n<p>Was solltest du mitbringen?<\/p>\n<p>\u2022\u00a0\u00a0\u00a0\u00a0\u00a0\u00a0\u00a0\u00a0\u00a0 Bequeme Sportbekleidung<\/p>\n<p>\u2022\u00a0\u00a0\u00a0\u00a0\u00a0\u00a0\u00a0\u00a0\u00a0 Ein Tuch\/Schal\/Pulli, um es um die H\u00fcfte zu wickeln (nicht verpflichtend)<\/p>\n<p>\u2022\u00a0\u00a0\u00a0\u00a0\u00a0\u00a0\u00a0\u00a0\u00a0 Genug Wasser zum Trinken<\/p>\n<p>\u2022\u00a0\u00a0\u00a0\u00a0\u00a0\u00a0\u00a0\u00a0\u00a0 Ersatzkleidung zum wechseln<\/p>\n<p>\u2022\u00a0\u00a0\u00a0\u00a0\u00a0\u00a0\u00a0\u00a0\u00a0 Ballettschl\u00e4ppchen, Socken oder barfu\u00df Tanzen<\/p>\n<p>Donnerstag 15.00-16.10 Uhr, Leitung: Frau Safie Raum: Mehrzweckhalle (MZH)<\/p>\n<p>&nbsp;<\/p>\n<p>9.\u00a0\u00a0 Streetdance AG der Lindenauschule<\/p>\n<p>5. Klasse<\/p>\n<p>Liebe Sch\u00fclerinnen und Sch\u00fcler,<\/p>\n<p>du liebst es zu tanzen oder m\u00f6chtest gerne damit anfangen? Du ben\u00f6tigst keine Vorerfahrungen, einzig und allein der Spa\u00df am Tanzen ist wichtig!<\/p>\n<p>Wir werden gemeinsam Tanztechniken kennenlernen sowie Choreographien aus dem Bereich Streetdance einstudieren und bei unterschiedlichen Gelegenheiten auff\u00fchren. Zudem werden wir uns auch an anderen Tanzstilen bedienen, um uns t\u00e4nzerisch weiterzuentwickeln.<\/p>\n<p>Habe ich dein Interesse geweckt?! Komm vorbei und probiere es aus!<\/p>\n<p>Montag: 14:15 \u2013 15:30, Leitung: Herr Kmiecik, Raum: Mehrzweckhalle (MZH)<\/p>\n<p>&nbsp;<\/p>\n<p>10. IBDAW Dance<\/p>\n<p>Diese AG erfordert viel Selbstdisziplin und Konzentration und ist genau das richtige f\u00fcr dich, wenn du gerne Herausforderungen annimmst. Die Bewegungen und Choreographien erinnern an den zeitgen\u00f6ssischen Tanzstil. Du lernst in dieser AG nicht nur, wie du dich als einzelne Person zu unterschiedlichen Musikrichtungen bewegst, denn du hast auch oft M\u00f6glichkeiten, kleine und gro\u00dfe Hebefiguren mit einer oder mehreren Personen auszuprobieren. Bei den Improvisationstechniken hast du die M\u00f6glichkeit, dich auf Themen zu beziehen, die du auf die B\u00fchne bringen m\u00f6chtest. Somit lernst du auch Gedanken in Bewegungen umzuformen und die Bewegung anderer T\u00e4nzer:innen zu interpretieren.<\/p>\n<p>Inhalte dieser AG:<\/p>\n<p>\u2022\u00a0 Krafttrainingselemente<\/p>\n<p>\u2022\u00a0 Techniken aus dem Ballett als Basis eines jeden Tanzstils<\/p>\n<p>\u2022\u00a0 Bewegungstechniken in unterschiedlichen Ebenen (Boden-Luft)<\/p>\n<p>\u2022\u00a0 Dehnen<\/p>\n<p>\u2022\u00a0 Akrobatische und gymnastische Elemente<\/p>\n<p>\u2022\u00a0 Improvisationstechniken<\/p>\n<p>\u2022\u00a0 1x im Monat Hebefiguren mit Partner und Gruppe<\/p>\n<p>\u2022\u00a0 Erlernen und Gestalten von Choreographien<\/p>\n<p>Videos zum Tanzstil findest du unter folgendem Link:<\/p>\n<p><a href=\"https:\/\/emeel-academy.com\/ibdaw\">https:\/\/emeel-academy.com\/ibdaw<\/a><\/p>\n<p>Was solltest du mitbringen?<\/p>\n<p>\u2022\u00a0\u00a0\u00a0\u00a0\u00a0\u00a0\u00a0\u00a0\u00a0 Bequeme Sportbekleidung (so dass Ellenbogen und Knie bedeckt sind, damit man auf dem Boden auch rutschen kann)<\/p>\n<p>\u2022\u00a0\u00a0\u00a0\u00a0\u00a0\u00a0\u00a0\u00a0\u00a0 Genug Wasser zum Trinken<\/p>\n<p>\u2022\u00a0\u00a0\u00a0\u00a0\u00a0\u00a0\u00a0\u00a0\u00a0 Ersatzkleidung zum Wechseln<\/p>\n<p>\u2022\u00a0\u00a0\u00a0\u00a0\u00a0\u00a0\u00a0\u00a0\u00a0 Socken oder barfu\u00df<\/p>\n<p>Dienstag 15.00-16.20\u00a0 Uhr Leitung: Frau Safie Raum: Mehrzweckhalle (MZH)<\/p>\n<p>&nbsp;<\/p>\n<p>11. \u00a0Stay fit and healthy AG<\/p>\n<p>Diese AG f\u00f6rdert deine Konzentration und Achtsamkeit. Du verstehst mit der Zeit, welche K\u00f6rperhaltungen dir im Alltag mehr Energie geben und welche \u00dcbungen du gegen Schmerzen durchf\u00fchren kannst. Wenn du beweglicher werden m\u00f6chtest, bietet dir diese AG ebenfalls viele Tipps und Tricks, sowie Informationen zur Anatomie des K\u00f6rpers.<\/p>\n<p>Inhalte der AG:<\/p>\n<p>\u2022\u00a0 Kr\u00e4ftigende und dehnende \u00dcbungen aus Yoga und Pilates<\/p>\n<p>\u2022\u00a0 Lernen von akrobatischen Elementen, wie z.B. Handstand<\/p>\n<p>\u2022\u00a0 Entspannungstechniken<\/p>\n<p>\u2022\u00a0 Die \u201cAtem-Challenge\u201d am Ende jeder Stunde<\/p>\n<p>Was solltest du mitbringen?<\/p>\n<p>\u2022\u00a0\u00a0\u00a0\u00a0\u00a0\u00a0\u00a0\u00a0\u00a0 Bequeme Sportbekleidung<\/p>\n<p>\u2022\u00a0\u00a0\u00a0\u00a0\u00a0\u00a0\u00a0\u00a0\u00a0 Ein Handtuch zum Unterlegen<\/p>\n<p>\u2022\u00a0\u00a0\u00a0\u00a0\u00a0\u00a0\u00a0\u00a0\u00a0 Genug Wasser zum Trinken<\/p>\n<p>\u2022\u00a0\u00a0\u00a0\u00a0\u00a0\u00a0\u00a0\u00a0\u00a0 Ersatzkleidung zum wechseln<\/p>\n<p>\u2022\u00a0\u00a0\u00a0\u00a0\u00a0\u00a0\u00a0\u00a0\u00a0 Stopp-Socken oder barfu\u00df<\/p>\n<p>Freitag 14.05-15.05 Uhr, Leitung: Frau Safie Raum: Mehrzweckhalle (MZH)<\/p>\n<p>&nbsp;<\/p>\n<p>12. Ringen AG<\/p>\n<p>Was ist Ringen?<\/p>\n<p>Ringen ist eine der \u00e4ltesten Kraft- und Kampfsportarten, und reicht weit in die Geschichte der Menschheit zur\u00fcck. Bereits bei den Olympischen Spielen der Antike (776 v. Chr. bis 393 n. Chr.) fanden Wettk\u00e4mpfe im Ringen statt. Ringen ist auch heutzutage noch eine olympische Disziplin und ist seit Beginn der Olympischen Spiele der Neuzeit (1896) dort als Sportart vertreten.<\/p>\n<p>Welche Stile gibt es?<\/p>\n<p>Beim Ringen werden die zwei Stilarten Freistil und Griechisch-R\u00f6misch unterschieden. Beim Freistil-Ringen darf der ganze K\u00f6rper angegriffen werden, d.h. man darf im Stand und im Bodenkampf den Gegner von Kopf bis Fu\u00df mit Hebeln und Griffen bek\u00e4mpfen. Im Griechisch-R\u00f6mischen-Stil darf nur der K\u00f6rper oberhalb der G\u00fcrtellinie angegriffen werden. Auch hier gilt dies f\u00fcr den Stand- und Bodenkampf. Schlagen, treten oder w\u00fcrgen ist im Ringkampf verboten.<\/p>\n<p>Mittwoch, 7. und 8. Stunde, Leitung: Herr Bauer, Raum: Mehrzweckhalle (MZH)<\/p>\n<p>&nbsp;<\/p>\n<h3>AGs ab Klasse 7<\/h3>\n<p>1.\u00a0\u00a0 DELF-AG (Dipl\u00f4me d\u2019\u00e9tudes de langue fran\u00e7aise)<\/p>\n<p>Klasse 7 &#8211; 10<\/p>\n<p>Auch in diesem Jahr bietet euch die Lindenauschule die M\u00f6glichkeit, das DELF-Sprachdiplom zu erwerben. Informationen, was das DELF ist, findet Ihr hier:\u202f<a href=\"https:\/\/www.institutfrancais.de\/franzoesisch-lernen\/delf-dalf\">https:\/\/www.institutfrancais.de\/franzoesisch-lernen\/delf-dalf<\/a><\/p>\n<p>Die AG richtet sich an:<\/p>\n<ul>\n<li>\u00a0Sch\u00fclerinnen und Sch\u00fcler der achten und neunten Jahrgangsstufe, die die Pr\u00fcfung mit dem Niveau A1,<\/li>\n<li>\u00a0oder Sch\u00fclerinnen und Sch\u00fcler der Jahrgangsstufe, neun und zehn, die die Pr\u00fcfung mit dem Niveau A2 ablegen wollen.<\/li>\n<li>\u00a0Pr\u00fcfungen in h\u00f6heren Sprachniveaus in Absprache m\u00f6glich.<\/li>\n<\/ul>\n<p>N\u00e4here Infos zu den \u00d6ffnungszeiten der Lehrmittelb\u00fccherei (Raum A1),<\/p>\n<p>erstes Treffen (Niveau A1) am Montag, dem 28. Oktober in der 7. Stunde in der Lehrmittelb\u00fccherei.<\/p>\n<p>Hr. Wunderlich<\/p>\n<p>&nbsp;<\/p>\n<p>2.\u00a0\u00a0 DELE-Zertifikat (Spanisch)<\/p>\n<p>Die Spanisch-AG\u202f bietet allen Lernenden der spanischen Sprache die M\u00f6glichkeit sich speziell auf den Erwerb des DELE-Zertifikats vorzubereiten. Bei diesem Zertifikat handelt es sich um einen schriftlichen Nachweis \u00fcber die in der spanischen Sprache erworbenen Kenntnisse. Es wird vom spanischen Kulturinstitut Instituto Cervantes ausgestellt und ist weltweit anerkannt. Es ist vergleichbar mit anderen Fremdsprachenzertifikaten wie dem Cambridge Certificate f\u00fcr die englische Sprache.\u202f Die Pr\u00fcfung kann auf allen Niveaustufen abgelegt werden. Sobald sich die Lernenden f\u00fcr die Pr\u00fcfung ausreichend vorbereitet f\u00fchlen, melden sie sich hierf\u00fcr an und reisen mit dem betreuenden Lehrer nach Frankfurt. In der Regel werden vom Instituto Cervantes jeden Monat Pr\u00fcfungen angeboten.\u202f Der Preis pro Pr\u00fcfung betr\u00e4gt f\u00fcr Sch\u00fclerinnen und Sch\u00fcler ca. 50 Euro. Die AG richtet sich an Sch\u00fclerinnen und Sch\u00fcler, die bereits ein Jahr am Spanischunterricht teilgenommen haben.<\/p>\n<p>Leitung: Herr Saliger<\/p>\n<p>&nbsp;<\/p>\n<p>3.\u00a0\u00a0 Orchester der Lindenauschule<\/p>\n<p>Das Orchester der Lindenauschule ist ein symphonisches Blasorchester.<br \/>\nDie Proben finden montags in der 8. und 9. Stunde im Forum statt.<br \/>\nEs werden im Laufe des Schuljahres Werke f\u00fcr Jugendblasorchester (symphonische Musik, Filmmusik, Arrangements aus Pop und Rock) erarbeitet und in schulischen Veranstaltungen aufgef\u00fchrt.<br \/>\nDas Orchester steht allen Sch\u00fcler\/inne\/n ab Klasse 7, die mindestens seit zwei Jahren ein Blasinstrument erlernen, offen.<\/p>\n<p>Die Proben finden montags in der 8. und 9. Stunde im Forum statt.\u00a0Leitung: Frau Heyer<\/p>\n<p>&nbsp;<\/p>\n<p>4.\u00a0\u00a0 Schulsanit\u00e4tsdienst<\/p>\n<p>Leitung: Frau Marten<\/p>\n<p>&nbsp;<\/p>\n<p>5.\u00a0\u00a0 Bibliotheksmentoren (Lesescouts)<\/p>\n<p>Klasse 7-12<\/p>\n<p>Wer in seiner Freizeit viel und gerne liest ist hier genau richtig. Wir unterst\u00fctzen die Bibliothek in der allt\u00e4glichen Arbeit und geben unsere eigene Erfahrung und Buchempfehlungen an die Sch\u00fclerschaft weiter. Au\u00dferdem planen wir gemeinsam Aktionen in der Bibliothek (Valentinstagsaktion, Lesungen, Sommerleseaktion&#8230;) und unternehmen Ausfl\u00fcge, wie z.B. in die Stadtbibliothek oder auf die Buchmesse in Frankfurt.<\/p>\n<p>Termin nach Vereinbarung<\/p>\n<p>Leitung: Frau Siefert<\/p>\n<p>&nbsp;<\/p>\n<p>6.\u00a0\u00a0 Schulimkerei-AG<\/p>\n<p>ab Klasse 7<\/p>\n<p>Wir halten an unserer Schule im Moment zwei Bienenv\u00f6lker.<\/p>\n<p>Das ganze Jahr hindurch arbeiten wir mit und an den Bienen.<\/p>\n<p>Wir werden Bienenbeuten aufstellen, mit Bienen bev\u00f6lkern, diese in ihrer Entwicklung beobachten, f\u00fcr gen\u00fcgend Nahrung (Bl\u00fcten) sorgen, neue V\u00f6lker bilden, Honig ernten und verkaufen und noch vieles mehr\u2026<\/p>\n<p>Um das alles tun zu k\u00f6nnen, m\u00fcssen wir auch eine Menge \u00fcber die Bienen lernen.<\/p>\n<p>Wer bei uns mitmacht, braucht also K\u00f6pfchen, handwerkliches Geschick sowie Freude an Biologie und ein ruhiges Verhalten!<\/p>\n<p>Auch eine kleine Portion Mut ist hilfreich \u2013 denn Bienen k\u00f6nnen stechen.<\/p>\n<p>(Wir arbeiten aber mit Schutzkleidung!)<\/p>\n<p>Wenn Du Interesse hast, melde Dich bei der Ganztagsbetreuung!<\/p>\n<p>Mittwochs, 8. und 9.Stunde, Leitung: Herr Rachor<\/p>\n<p>&nbsp;<\/p>\n<h3>AGs ab Klasse 9<\/h3>\n<p>1.\u00a0\u00a0 Chor<\/p>\n<p>Wenn du Musik magst und Spa\u00df am Singen hast, ist der Chor genau das Richtige f\u00fcr dich.<\/p>\n<p>Montags, 7. Stunde in Raum D21, Leitung: Herr Hoffmann und Frau Seidler<\/p>\n<p>&nbsp;<\/p>\n<p>2.\u00a0\u00a0 Schulband<\/p>\n<p>Montags, 7.\/8. Stunde in C14, Leitung: Herr Veciana<\/p>\n<p>&nbsp;<\/p>\n<p>3.\u00a0\u00a0 MINT AG<\/p>\n<p>Leitung: Herr Lux<\/p>\n<p>&nbsp;<\/p>\n<p>4.\u00a0\u00a0 Filmclub<\/p>\n<p>Du hast eine Leidenschaft f\u00fcr bewegte Bilder und bist von Kino- und Spielfilmen begeistert? Dann ist der Filmclub das Richtige f\u00fcr dich. Hier setzen wir uns mit unterschiedlichen Filmgenres und Filmarten auseinander. Wir tauchen in verschiedene Epochen des amerikanischen und europ\u00e4ischen Kinos ein, schauen unterschiedliche Filme aus verschiedenen Zeiten des Kinos an \u2013 von Klassiker bis Moderne, von Schwarzwei\u00df-Streifen bis hin zu modernen Kurzfilmen. Wir tauschen uns aus, analysieren, lernen Fachbegriffe \u2013 und drehen schlie\u00dflich auch selbst. Vorwissen brauchst du nicht, sondern Lust auf Filme.<\/p>\n<p>An wen richtet sich das Angebot: interessierte Sch\u00fclerinnen und Sch\u00fcler aus Jg. 9 &#8211; 13<\/p>\n<p>Montags, 8.\/9. Std., Raum: AU4, Leitung: Herr Bodtke<\/p>\n<p>&nbsp;<\/p>\n<p>5.\u00a0\u00a0 Sch\u00fclerlotsen AG<\/p>\n<p>Leitung: Herr Schleicher und Frau Waniek<\/p>\n<p>&nbsp;<\/p>\n<\/div>\n<\/div>\n<div id=\"m_textViewLayer\">\n<div id=\"m_content\">\n<div id=\"pc1\">\n<div><\/div>\n<div id=\"p1\"><\/div>\n<\/div>\n<div id=\"pc8\">\n<hr \/>\n<\/div>\n<\/div>\n<\/div>\n<\/div>\n","protected":false},"excerpt":{"rendered":"<p>Hanau, den 10.09.2024 Liebe Sch\u00fclerinnen, liebe Sch\u00fcler, liebe Eltern, als integrierte Gesamtschule mit Ganztagsangebot bieten wir neben der Hausaufgabenbetreuung auch ein breites AG-Angebot aus den Bereichen Sport, Musik, Handwerk, Kunst, Theater und Naturwissenschaften an. Unsere Sch\u00fclerinnen und Sch\u00fcler k\u00f6nnen so<\/p>\n","protected":false},"author":2,"featured_media":0,"parent":0,"menu_order":0,"comment_status":"closed","ping_status":"closed","template":"","meta":{"footnotes":""},"class_list":["post-292","page","type-page","status-publish","hentry"],"_links":{"self":[{"href":"https:\/\/www.lindenauschule-hu.de\/index.php?rest_route=\/wp\/v2\/pages\/292","targetHints":{"allow":["GET"]}}],"collection":[{"href":"https:\/\/www.lindenauschule-hu.de\/index.php?rest_route=\/wp\/v2\/pages"}],"about":[{"href":"https:\/\/www.lindenauschule-hu.de\/index.php?rest_route=\/wp\/v2\/types\/page"}],"author":[{"embeddable":true,"href":"https:\/\/www.lindenauschule-hu.de\/index.php?rest_route=\/wp\/v2\/users\/2"}],"replies":[{"embeddable":true,"href":"https:\/\/www.lindenauschule-hu.de\/index.php?rest_route=%2Fwp%2Fv2%2Fcomments&post=292"}],"version-history":[{"count":25,"href":"https:\/\/www.lindenauschule-hu.de\/index.php?rest_route=\/wp\/v2\/pages\/292\/revisions"}],"predecessor-version":[{"id":6631,"href":"https:\/\/www.lindenauschule-hu.de\/index.php?rest_route=\/wp\/v2\/pages\/292\/revisions\/6631"}],"wp:attachment":[{"href":"https:\/\/www.lindenauschule-hu.de\/index.php?rest_route=%2Fwp%2Fv2%2Fmedia&parent=292"}],"curies":[{"name":"wp","href":"https:\/\/api.w.org\/{rel}","templated":true}]}}