
{"id":287,"date":"2017-07-28T12:36:30","date_gmt":"2017-07-28T12:36:30","guid":{"rendered":"http:\/\/www2.lindenauschule.de\/?page_id=287"},"modified":"2025-03-06T13:16:56","modified_gmt":"2025-03-06T12:16:56","slug":"umweltschule","status":"publish","type":"page","link":"http:\/\/www.lindenauschule-hu.de\/?page_id=287","title":{"rendered":"Umweltschule"},"content":{"rendered":"<p>Die Lindenauschule wird seit 2009 regelm\u00e4\u00dfig mit dem Zertifikat Umweltschule ausgezeichnet. Gew\u00fcrdigt wird hier das vielf\u00e4ltige Engagement der Lindenauschule im Bereich Umwelt.<\/p>\n<p>Im Verlauf der Zeit gab es verschiedene Schwerpunkte ber der Entwicklung zur Umweltschule, wobei nicht immer nur neue Projekte hinzukamen sondern auch bereits bestehende Projekte weiterentwickelt werden. Ein besonderes Anliegen ist die Integration und Nutzbarmachung der Projekte f\u00fcr den Unterricht und die Ganztagsbetreuung. Die Anstrengungen zielen darauf, \u00fcber die Projekte Nachhaltigkeit und Umweltbildung langfristig in das Schulleben zu integrieren und eine Schulkultur aufzubauen, die einen besonderen Fokus auf die Bildung f\u00fcr nachhaltige Entwicklung setzt und damit entsprechende Kompetenzen in der ganzen Schulgemeinde findet und f\u00f6rdert.<\/p>\n<p>Im Folgenden findet sich eine \u00dcbersicht \u00fcber die verschiedenen Aktivit\u00e4ten der Lindenauschule in diesem Bereich:<\/p>\n<p>2024<\/p>\n<ul>\n<li><a href=\"https:\/\/www.lindenauschule.de\/wp-content\/uploads\/2025\/03\/UmwelttagReader2024-2025.pdf\">Umwelttag &#8211; Reader 2024-2025<\/a><\/li>\n<\/ul>\n<p>2023<\/p>\n<ul>\n<li><a href=\"https:\/\/www.lindenauschule.de\/wp-content\/uploads\/2025\/03\/UmwelttagReader2023-2024.pdf\">Umwelttag &#8211; Reader 2023-2024<\/a><\/li>\n<\/ul>\n<p>2019<\/p>\n<ul>\n<li><a href=\"https:\/\/www.lindenauschule.de\/?p=2233\">7. schulweiter Umwelttag<\/a><\/li>\n<li><a href=\"https:\/\/www.lindenauschule.de\/?p=2206\">Aktion Sauberkeitspaten<\/a><\/li>\n<li><a href=\"https:\/\/www.lindenauschule.de\/?p=2228\">Lindenausch\u00fcler r\u00e4umen ihren Stadteil auf<\/a><\/li>\n<\/ul>\n<p>2018<\/p>\n<ul>\n<li><a href=\"https:\/\/www.lindenauschule.de\/?p=1151\">6. schulweiter Umwelttag<\/a><\/li>\n<li>Umweltseminar in der Einf\u00fchrungsphase<\/li>\n<li><a href=\"https:\/\/www.lindenauschule.de\/?p=1105\">5. Hessischer Tag der Nachhaltigkeit<\/a><\/li>\n<\/ul>\n<p>2017<\/p>\n<ul>\n<li><a href=\"https:\/\/www.lindenauschule.de\/?p=557\">Umweltseminar in der Einf\u00fchrungsphase in Ilmenau<\/a><\/li>\n<li><a href=\"https:\/\/www.lindenauschule.de\/?p=560\">5. schulweiter Umwelttag<\/a><\/li>\n<li>Errichtung von Hochbeeten<\/li>\n<li><a href=\"https:\/\/www.lindenauschule.de\/?p=899\">1. Platz des Nachhaltigkeitspreises der Stadt Hanau<\/a><\/li>\n<li><a href=\"https:\/\/www.lindenauschule.de\/?p=664\">Auszeichnung als Umweltschule<\/a><\/li>\n<li><a href=\"http:\/\/www.fr.de\/rhein-main\/alle-gemeinden\/main-kinzig-kreis\/63450-Hanau~\/\">Regionale Auszeichnungsfeier in der Lindenauschule<\/a><\/li>\n<\/ul>\n<p>2016<\/p>\n<ul>\n<li>Umwelteminar in der Einf\u00fchrungsphase<\/li>\n<li>4. schulweiter Umwelttag<\/li>\n<li><a href=\"https:\/\/www.lindenauschule.de\/?p=896\">\u201eIdeenlabor Natur\u201c an der Lindenauschule \u2013 4. Tag der Nachhaltigkeit<\/a><\/li>\n<\/ul>\n<p>2015<\/p>\n<ul>\n<li>Umweltseminar in der Einf\u00fchrungsphase<\/li>\n<li>3. schulweiter Umwelttag<\/li>\n<li>Erfolgreiche Teilnahme am Wettbewerb zur Artenvielfalt<\/li>\n<li>Auszeichnung als Umweltschule<\/li>\n<\/ul>\n<p>2014<\/p>\n<ul>\n<li>Umweltseminar in der Einf\u00fchrungsphase in der Rh\u00f6n<\/li>\n<li>2. schulweiter Umwelttag<\/li>\n<li>Entwicklung und Einrichtung einer Waldolympiade f\u00fcr den Jahrgang 6<\/li>\n<\/ul>\n<p>2013<\/p>\n<ul>\n<li>1. schulweiter Umwelttag<\/li>\n<li>Umweltseminar in der Einf\u00fchrungsphase in der Rh\u00f6n<\/li>\n<li>Entsiegelung von Pausenhoffl\u00e4chen, Hangabfangung und Errichtung von Sitzgelegenheiten<\/li>\n<li>Anlage einer Vogelschutzhecke auf dem Schulgel\u00e4nde<\/li>\n<li>Auszeichnung als Umweltschule<\/li>\n<li><a href=\"https:\/\/osthessen-news.de\/n1240946\/hanau-auszeichnungen-f-r-umweltschulen-lokale-projekte-gewinnen-an-bedeutung.html\">Regionale Auszeichnungsfeier in der Lindenauschule<\/a><\/li>\n<\/ul>\n<p>2011<\/p>\n<ul>\n<li>Renovierung des Schulgartens<\/li>\n<li>Umweltsemimar in der Einf\u00fchrungsphase in der Rh\u00f6n<\/li>\n<li>Anlage einer Trockenmauer im Schulgarten<\/li>\n<li>Auszeichnung als Umweltschule<\/li>\n<\/ul>\n<p>2010<\/p>\n<ul>\n<li>Umweltseminar in der Einf\u00fchrungsphase in der Rh\u00f6n<\/li>\n<li>Errichtung einer Baumrallye auf dem Schulgel\u00e4nde<\/li>\n<li>Anlage einer Streuobstwiese<\/li>\n<li>Auszeichnung als Umweltschule<\/li>\n<\/ul>\n<p>2009<\/p>\n<ul>\n<li>Podiumsdiskussion zum Kraftwerk Staudinger<\/li>\n<li>Umweltseminar in der Einf\u00fchrungsphase in der Rh\u00f6n<\/li>\n<li>Die Lindenauschule betreibt fairen Handel (AG \u201eLuckytrade Lindenau\u201c)<\/li>\n<li>Wahpflichtkurs Biologie &#8222;Dem Leben der V\u00f6gel auf der Spur&#8220;<\/li>\n<li>Auszeichnung als Umweltschule<\/li>\n<\/ul>\n<p>2008<\/p>\n<ul>\n<li>Erstmalige Bewerbung als Umweltschule<\/li>\n<li>Bau von Fledermausk\u00e4sten<\/li>\n<li>Projekt Klimazeugen<\/li>\n<li>Umweltseminar in der Einf\u00fchrungsphase in der Rh\u00f6n<\/li>\n<\/ul>\n","protected":false},"excerpt":{"rendered":"<p>Die Lindenauschule wird seit 2009 regelm\u00e4\u00dfig mit dem Zertifikat Umweltschule ausgezeichnet. Gew\u00fcrdigt wird hier das vielf\u00e4ltige Engagement der Lindenauschule im Bereich Umwelt. Im Verlauf der Zeit gab es verschiedene Schwerpunkte ber der Entwicklung zur Umweltschule, wobei nicht immer nur neue<\/p>\n","protected":false},"author":2,"featured_media":0,"parent":0,"menu_order":0,"comment_status":"closed","ping_status":"closed","template":"","meta":{"footnotes":""},"class_list":["post-287","page","type-page","status-publish","hentry"],"_links":{"self":[{"href":"http:\/\/www.lindenauschule-hu.de\/index.php?rest_route=\/wp\/v2\/pages\/287","targetHints":{"allow":["GET"]}}],"collection":[{"href":"http:\/\/www.lindenauschule-hu.de\/index.php?rest_route=\/wp\/v2\/pages"}],"about":[{"href":"http:\/\/www.lindenauschule-hu.de\/index.php?rest_route=\/wp\/v2\/types\/page"}],"author":[{"embeddable":true,"href":"http:\/\/www.lindenauschule-hu.de\/index.php?rest_route=\/wp\/v2\/users\/2"}],"replies":[{"embeddable":true,"href":"http:\/\/www.lindenauschule-hu.de\/index.php?rest_route=%2Fwp%2Fv2%2Fcomments&post=287"}],"version-history":[{"count":12,"href":"http:\/\/www.lindenauschule-hu.de\/index.php?rest_route=\/wp\/v2\/pages\/287\/revisions"}],"predecessor-version":[{"id":7689,"href":"http:\/\/www.lindenauschule-hu.de\/index.php?rest_route=\/wp\/v2\/pages\/287\/revisions\/7689"}],"wp:attachment":[{"href":"http:\/\/www.lindenauschule-hu.de\/index.php?rest_route=%2Fwp%2Fv2%2Fmedia&parent=287"}],"curies":[{"name":"wp","href":"https:\/\/api.w.org\/{rel}","templated":true}]}}